{"id":1252,"date":"2024-01-11T11:58:22","date_gmt":"2024-01-11T10:58:22","guid":{"rendered":"https:\/\/hoppingflame.org\/?page_id=1252"},"modified":"2025-12-28T12:05:21","modified_gmt":"2025-12-28T10:05:21","slug":"haikus-2024","status":"publish","type":"page","link":"https:\/\/hoppingflame.org\/?page_id=1252","title":{"rendered":"Ha\u00efkus"},"content":{"rendered":"<p>[et_pb_section fb_built=&#8221;1&#8243; _builder_version=&#8221;4.21.0&#8243; _module_preset=&#8221;default&#8221; min_height=&#8221;1013.6px&#8221; custom_padding=&#8221;20px||4px|||&#8221; global_colors_info=&#8221;{}&#8221;][et_pb_row column_structure=&#8221;1_2,1_2&#8243; _builder_version=&#8221;4.27.4&#8243; _module_preset=&#8221;default&#8221; min_height=&#8221;1291px&#8221; custom_padding=&#8221;||30px|||&#8221; global_colors_info=&#8221;{}&#8221;][et_pb_column type=&#8221;1_2&#8243; _builder_version=&#8221;4.27.4&#8243; _module_preset=&#8221;default&#8221; global_colors_info=&#8221;{}&#8221;][et_pb_text admin_label=&#8221;Nouvelles FR&#8221; _builder_version=&#8221;4.27.5&#8243; _module_preset=&#8221;default&#8221; text_font=&#8221;Quicksand||||||||&#8221; text_font_size=&#8221;17px&#8221; custom_padding=&#8221;10px|12px|10px|12px|true|true&#8221; hover_enabled=&#8221;0&#8243; border_width_all=&#8221;1px&#8221; border_color_all=&#8221;#e0e0e0&#8243; box_shadow_style=&#8221;preset1&#8243; global_colors_info=&#8221;{}&#8221; overflow-y=&#8221;scroll&#8221; sticky_enabled=&#8221;0&#8243;]<\/p>\n<p style=\"text-align: center;\"><strong>Quelques nouvelles&#8230;\u00a0<\/strong><\/p>\n<p>Bonjour chers visiteurs \/ visiteuses,<\/p>\n<p>Joie !<\/p>\n<p>Ci-dessous vous trouverez les 52 ha\u00efkus plubli\u00e9s de semaine en semaine sur ce site.<\/p>\n<p>Vous avez \u00e9t\u00e9 si nombreux \u00e0 venir voir mon site ! Certains pour un petit coup d\u2019oeil furtif, d\u2019autres plus attentivement.<span class=\"Apple-converted-space\"> Un tout grand merci! <\/span>A titre d\u2019exemple, ces quelques chiffres:<span class=\"Apple-converted-space\">\u00a0<\/span>En novembre 2024, le site a \u00e9t\u00e9 visit\u00e9 9.128 fois! 2.854 visiteurs ont fait un passage furtif, 5.379 sont rest\u00e9s entre 1 et 5 minutes, et 895 sont rest\u00e9s plus de 5 minutes.<span class=\"Apple-converted-space\">\u00a0<\/span><\/p>\n<p>Le site<span class=\"Apple-converted-space\">\u00a0<\/span>a donc \u00e9t\u00e9 suivi par des dizaines de milliers de personnes, qui ont \u00e9galement pu y d\u0117couvrir mes peintures et l\u2019aper\u00e7u de mes travaux en 1\u00e8re ann\u00e9e de l\u2019acad\u00e9mie de dessin \u00e0 Tirlemont.<\/p>\n<p>Je ne savais pas que cela me procurerait tant de joie de me plonger davantage dans la nature, plus attentive encore \u00e0 cette beaut\u00e9 qui me r\u00e9chauffe le coeur et nourrit l\u2019\u00e2me.<\/p>\n<p>Oui je suis une fan de ballades et je mets mon nez dehors par n\u2019importe quel temps. Je me saoule d\u2019odeurs, de couleurs, d\u2019ambiances, de vues, de silence, de bruits du vent et craquements de branches, d\u2019eau vive, de chants d\u2019oiseaux et cris d\u2019animaux.<\/p>\n<p>C\u2019est mon amour pour la nature qui me pousse \u00e0 partager cette abondance de beaut\u00e9 qui nous entoure, en photos et paroles.<\/p>\n<p>Chercher les mots justes pour exprimer une observation du Vivant, v\u0117g\u00e9tal ou animal, augmente mon sentiment d\u2019\u00eatre, et nourrit ma connexion avec le Grand Tout.<\/p>\n<p>Actuellement (en janvier 2025) je sens toutefois le besoin de faire une pause pour me permettre de cr\u00e9er la suite, pour une synchronisation aux \u00e9nergies en moi et autour de moi en 2025.<\/p>\n<p>Je vous tiens au courant! Je reviendrai vers vous quand mes diff\u0117rentes id\u00e9es auront pris forme.<\/p>\n<p>La flamme continue \u00e0 sautiller joyeusement !<span class=\"Apple-converted-space\">\u00a0<\/span><\/p>\n<p>Que cela soit de m\u00eame pour vous qui prenez plaisir, avez foi et espoir, vous qui ressentez r\u00e9jouissance, d\u00e9tente, inspiration et\/ou surprise.<\/p>\n<p>Soyez touch\u00e9s de quelle que fa\u00e7on que ce soit, et venez me revisiter encore.<\/p>\n<p>Au plaisir<span class=\"Apple-converted-space\">\u00a0<\/span><\/p>\n<p>Hopping Flame<span class=\"Apple-converted-space\">\u00a0<\/span><\/p>\n<p>[\/et_pb_text][\/et_pb_column][et_pb_column type=&#8221;1_2&#8243; _builder_version=&#8221;4.27.4&#8243; _module_preset=&#8221;default&#8221; global_colors_info=&#8221;{}&#8221;][et_pb_text admin_label=&#8221;Nieuws NL&#8221; _builder_version=&#8221;4.27.5&#8243; _module_preset=&#8221;default&#8221; text_font=&#8221;Quicksand||||||||&#8221; text_font_size=&#8221;17px&#8221; custom_padding=&#8221;10px|12px|10px|12px|true|true&#8221; hover_enabled=&#8221;0&#8243; border_width_all=&#8221;1px&#8221; border_color_all=&#8221;#e0e0e0&#8243; box_shadow_style=&#8221;preset1&#8243; global_colors_info=&#8221;{}&#8221; overflow-y=&#8221;scroll&#8221; sticky_enabled=&#8221;0&#8243;]<\/p>\n<p style=\"text-align: center;\"><span class=\"Apple-converted-space\"><strong>Een beetje nieuws&#8230;<\/strong><\/span><\/p>\n<p>Dag beste bezoekers,<\/p>\n<p>Vreugde !<\/p>\n<p>Hieronder vindt u de 52 ha\u00efkus die in 2024, week na week, werden gepost.<\/p>\n<p>Jullie waren zo talrijk om deze website te komen bekijken. Sommigen voor effe, anderen aandachtiger. Dank je wel! Hier ter illustratie een paar cijfers: In november 2024 werd de site 9.128 keren bezocht!<span class=\"Apple-converted-space\">\u00a0<\/span>2.854 bezoekers bleven effe, 5.379 keken 1 \u00e0 5 minuten, en 895 bleven meer als 5 minuten.<\/p>\n<p>De website werd dus door tienduizenden mensen gevolgd, die dan ook de schilderwerken en mijn eerstejaarstekeningen (academie Tienen) konden ontdekken .<\/p>\n<p>Ik verwachtte er me niet aan zoveel vreugde te hebben om de natuur nog vaker in te trekken, met nog meer oog voor wat er zo hartverwarmend mooi is, en de ziel voedt.<\/p>\n<p>Ja, ik wandel dolgraag, bij eender welk weer. Zodra ik buiten ben laat ik me overwelmen door geuren, kleuren, stiltes, windgeruis, krakende takken, vogelzang, prachtige zichten, hemel en wolken, kabbelend water, atmosferen\u2026<\/p>\n<p>Het is de liefde voor de natuur die me ertoe zet deze weelde weer te geven in foto\u2019s en woorden .<\/p>\n<p>De juiste woorden zoeken\/vinden om planten- of dierenpracht weer te geven laat het Leven gemakkelijker door me stromen en verhoogt de zielsverbinding met het geheel.<span class=\"Apple-converted-space\">\u00a0<\/span><\/p>\n<p>Nu (januari 2025) voel ik echter dat een pauze welkom is.<\/p>\n<p>Even nadenken over het vervolg, om in fase te zijn met de vernieuwde energie\u00ebn in en rond me van 2025. Ik hou u op de hoogte.<\/p>\n<p>Ik kom terug als mijn idee\u00ebn hieromtrent vorm krijgen.<\/p>\n<p>De vlam danst vrolijk verder!<\/p>\n<p>Moge jullie het innerlijke vuur ook laten flakkeren. Dat jullie pret, geloof, enthousiasme en hoop moge voelen. Dat jullie ontspanning, inspiratie en verrassingen naar waarde schatten.<\/p>\n<p>Bent u op enige manier geraakt, kom vast terug!<\/p>\n<p>Tot gauw<\/p>\n<p>Hopping Flame<span class=\"Apple-converted-space\">\u00a0<\/span><\/p>\n<p>[\/et_pb_text][\/et_pb_column][\/et_pb_row][et_pb_row _builder_version=&#8221;4.21.0&#8243; _module_preset=&#8221;default&#8221; custom_margin=&#8221;|auto|-30px|auto||&#8221; custom_padding=&#8221;3px|||||&#8221; global_colors_info=&#8221;{}&#8221;][et_pb_column type=&#8221;4_4&#8243; _builder_version=&#8221;4.21.0&#8243; _module_preset=&#8221;default&#8221; global_colors_info=&#8221;{}&#8221;][et_pb_divider admin_label=&#8221;Divider&#8221; _builder_version=&#8221;4.21.0&#8243; _module_preset=&#8221;default&#8221; min_height=&#8221;11px&#8221; custom_margin=&#8221;-15px|||||&#8221; global_colors_info=&#8221;{}&#8221;][\/et_pb_divider][dipl_masonry_gallery image_ids=&#8221;1782,1780,1777,1775,1772,1770,1767,1765,1762,1759,1757,1754,1752,1749,1747,1744,1741,1739,1736,1733,1592,1589,1587,1584,1581,1574,1572,1568,1534,1531,1528,1526,1523,1520,1518,1515,1512,1509,1503,1496,1490,1484,1479,1469,1467,1463,1256,1254,1482,1505,1492,1477&#8243; number_of_columns=&#8221;2&#8243; image_size=&#8221;large&#8221; enable_lightbox=&#8221;on&#8221; _builder_version=&#8221;4.27.4&#8243; _module_preset=&#8221;default&#8221; box_shadow_style_image=&#8221;preset2&#8243; global_colors_info=&#8221;{}&#8221;][\/dipl_masonry_gallery][et_pb_divider admin_label=&#8221;Divider&#8221; _builder_version=&#8221;4.21.0&#8243; _module_preset=&#8221;default&#8221; min_height=&#8221;18px&#8221; custom_margin=&#8221;-51px|||||&#8221; custom_padding=&#8221;31px||1px|||&#8221; global_colors_info=&#8221;{}&#8221;][\/et_pb_divider][\/et_pb_column][\/et_pb_row][\/et_pb_section]<\/p>\n","protected":false},"excerpt":{"rendered":"<p>Quelques nouvelles&#8230;\u00a0 Bonjour chers visiteurs \/ visiteuses, Joie ! Ci-dessous vous trouverez les 52 ha\u00efkus plubli\u00e9s de semaine en semaine sur ce site. Vous avez \u00e9t\u00e9 si nombreux \u00e0 venir voir mon site ! Certains pour un petit coup d\u2019oeil furtif, d\u2019autres plus attentivement. Un tout grand merci! A titre d\u2019exemple, ces quelques chiffres:\u00a0En novembre [&hellip;]<\/p>\n","protected":false},"author":1,"featured_media":0,"parent":0,"menu_order":200,"comment_status":"closed","ping_status":"closed","template":"","meta":{"_et_pb_use_builder":"on","_et_pb_old_content":"","_et_gb_content_width":"","footnotes":""},"class_list":["post-1252","page","type-page","status-publish","hentry"],"_links":{"self":[{"href":"https:\/\/hoppingflame.org\/index.php?rest_route=\/wp\/v2\/pages\/1252","targetHints":{"allow":["GET"]}}],"collection":[{"href":"https:\/\/hoppingflame.org\/index.php?rest_route=\/wp\/v2\/pages"}],"about":[{"href":"https:\/\/hoppingflame.org\/index.php?rest_route=\/wp\/v2\/types\/page"}],"author":[{"embeddable":true,"href":"https:\/\/hoppingflame.org\/index.php?rest_route=\/wp\/v2\/users\/1"}],"replies":[{"embeddable":true,"href":"https:\/\/hoppingflame.org\/index.php?rest_route=%2Fwp%2Fv2%2Fcomments&post=1252"}],"version-history":[{"count":94,"href":"https:\/\/hoppingflame.org\/index.php?rest_route=\/wp\/v2\/pages\/1252\/revisions"}],"predecessor-version":[{"id":2276,"href":"https:\/\/hoppingflame.org\/index.php?rest_route=\/wp\/v2\/pages\/1252\/revisions\/2276"}],"wp:attachment":[{"href":"https:\/\/hoppingflame.org\/index.php?rest_route=%2Fwp%2Fv2%2Fmedia&parent=1252"}],"curies":[{"name":"wp","href":"https:\/\/api.w.org\/{rel}","templated":true}]}}